te the remainder when t is divided by 133.
132
Suppose 3*i - 160 = -i. Let p(o) = 2*o**2 + 8*o - 15. What is the remainder when i is divided by p(2)?
4
What is the remainder when (1 - 5)*(5 + 1 - (-13002)/(-44)) is divided by 61?
60
Let a = 43 + -24. Let q(i) = -3*i**2 + 17*i + 65. Calculate the remainder when q(0) is divided by a.
8
Let d(s) = 6*s**2 + 39*s + 82. Calculate the remainder when d(-9) is divided by 57.
46
Let x(b) = b**3 - 2*b**2 + 5*b + 1. Let j be x(4). Let o be ((-1 - 3) + 0)/(1/(-31)). Let v = o - j. Calculate the remainder when v is divided by 12.
11
Let t be -21 + (-5 + 6)*3. Let s = 23 + t. Let o(b) = -6*b + 54. Calculate the remainder when o(7) is divided by s.
2
Suppose 7*r = -3*u + 9*r + 862, -u - 2*r + 282 = 0. Calculate the remainder when u is divided by 75.
61
Suppose 0 = -4*b + 1808 + 2368. Suppose 5*r + b = 11*r. Calculate the remainder when r is divided by 88.
86
Suppose -19*y + 379 = 10*y + 31. Calculate the remainder when 2458 is divided by y.
10
Calculate the remainder when 6081/18 - (-45)/(-54) - (-6)/2 is divided by 51.
34
Let j = 328 + 514. Suppose -4*k + 942 = j. Calculate the remainder when 4*(-2 - 210/(-8)) is divided by k.
22
Suppose -62*m + r - 1 = -63*m, 0 = 2*r + 4. Let b(h) = 1 + h - 4*h**2 + 2*h + 3*h**2. Calculate the remainder when m is divided by b(2).
0
Calculate the remainder when 227 is divided by (-9)/(-27)*0 + 112.
3
Let g(c) = -24*c**3 - 4*c - 10. Let a be g(-2). Suppose 2*v = -p + 57, -5*p - 45 = 5*v - a. Let l(i) = -i + 10. What is the remainder when v is divided by l(0)?
8
Suppose -66 = -2*t - 2*d - 18, -3*t + 87 = -2*d. Let h(k) = -k**3 + k**2 + k + 5. Calculate the remainder when t is divided by h(-2).
12
Suppose 66 = 2*p + 6*i - 4*i, 3*i + 9 = 0. Suppose -x + 4*n + 16 = 7*n, -5*n + p = 4*x. Calculate the remainder when 16 is divided by x.
0
Suppose 9*l = 12*l - 48. What is the remainder when 0 + (235/(-20))/((-4)/l) is divided by 2*(0 + 2 - -10)?
23
Suppose 0 = -2*p + 427 - 417. Suppose 1 - 10 = -a - x, -20 = -p*x. Calculate the remainder when 5 is divided by a.
0
Let k(r) = 18*r**3 + 8*r**2 + 13*r + 4. Let j be k(-2). What is the remainder when 224 is divided by j/(-3) - (5 - 176/33)?
44
Suppose 4*n - 2*n - 386 - 284 = 0. What is the remainder when n is divided by 44?
27
Suppose -503*n = -502*n + 7. Let v(y) be the second derivative of y**5/20 + 2*y**4/3 + y**3 - 5*y**2/2 + y. What is the remainder when v(n) is divided by 2?
0
Let m = 5 - -2. Let v be 1 - ((-20)/(-4) + -7). Suppose -5*b + 193 = 3*r + 23, -3*r + 102 = v*b. Calculate the remainder when b is divided by m.
6
Suppose 5623 - 4399 + 14841 = 45*o. Calculate the remainder when 1413 is divided by o.
342
Suppose h - 2*h + 2*a = -4, -4*a = 5*h - 20. Suppose -8*b - 54 = -26*b. What is the remainder when h/b + -1 + (-1834)/(-42) is divided by 16?
12
Let z be 2/(-10) + 48/15. Let m(t) = t**3 - t**2 + 4. Suppose -k + 5*y - 6*y + 2 = 0, -5*y - 30 = 0. What is the remainder when m(z) is divided by k?
6
Suppose 10 = -5*v + 4*t, -v - 80*t - 3 = -81*t. Let b = 10 - 2. Suppose -2*u = -5*m + 51, b*u - 5*u + 16 = v*m. What is the remainder when 39 is divided by m?
6
Let c(h) = -h**3 + 20*h**2 + h + 7. Let r(u) = 6*u + 1 - 3*u - 1 + 2*u**2 + 5. What is the remainder when c(20) is divided by r(-3)?
13
Let c = -84 + 190. Suppose 0*z + 1034 = 14*z + 8*z. Let n = c - z. Calculate the remainder when n is divided by 15.
14
Let m = -2731 + 2745. Let n(o) = -26*o + 1. Calculate the remainder when n(-10) is divided by m.
9
Calculate the remainder when 860 is divided by ((-1632)/30)/((-20)/50).
44
Suppose -3*x - 6 = 0, 2*y + 3 = -5*x - 11. Calculate the remainder when 231 is divided by ((-9)/((-45)/4))/(y/(-195)).
75
Let t(r) = r + 68. Let c = 178 + -90. Let f be (c/6)/((-24)/36). Calculate the remainder when t(f) is divided by 22.
2
Let x(l) = 7*l + 74. Let q be x(-10). Suppose -16*g - q*f = -18*g, -48 = -5*g - 2*f. Let h = -5 - -19. What is the remainder when h is divided by g?
6
Suppose 1175*f - 887*f + 1362*f = 384450. Let d = 163 + -83. What is the remainder when f is divided by d?
73
Let p = 934 - 894. What is the remainder when 106 is divided by p?
26
Let c = -686 - -1621. Calculate the remainder when c is divided by 155.
5
Suppose -133*v = -109*v - 74232. What is the remainder when v is divided by 43?
40
Let o(t) = -t - 5. Let i be o(9). Let h be 1/(3 + 244/(-82)). Let v = i + h. Calculate the remainder when v is divided by 16.
11
Let q be ((-4140)/(-108))/((-1)/9). Let i = 348 + q. What is the remainder when i is divided by 3?
0
What is the remainder when 182 is divided by 73 - (-20)/(-5) - (2 - -7)?
2
Let w(p) = -46*p - 1. Suppose 5555*m + 55 = 5538*m + 259. Calculate the remainder when w(-1) is divided by m.
9
Let v be -3 + 1 + 16 + -1. Let u(m) = -2*m**3 - 18*m**2 - m + 14. Calculate the remainder when u(-9) is divided by v*(5 + -3 + -1).
10
Suppose 4*l = -5*y + 231 + 562, 0 = 3*y - 5*l - 461. Let b(k) = 4*k**2 - 8*k + 24. What is the remainder when y is divided by b(3)?
13
Suppose -339*g - 1802 + 4213 = -3013. What is the remainder when 67 is divided by g?
3
Let h be 2/(-14) + (-252)/(-49). Suppose -3*o = 2*v - 110, -o + 51 = -h*v + 3. What is the remainder when 143 is divided by o?
29
Let t(f) = -f - 4. Let v be t(-10). Suppose -41*c = -38*c - v. Suppose -3*p - 17 = -r, c = -4*p - 2. Calculate the remainder when 38 is divided by r.
10
Suppose 25 = h - 3*a, 70 = 4*h - 0*h + 3*a. Let p = -29 + 11. What is the remainder when h is divided by 2/(-4) + (-63)/p?
1
Suppose -2*u - u + 589 = 5*g, 0 = -5*g + 3*u + 601. Let f = g - 169. Let p = 92 + f. What is the remainder when p is divided by 11?
9
Let h = -21 + 24. Suppose h*q = 96 - 24. Let b(f) = f**3 - 19*f**2 + 21*f + 29. What is the remainder when b(18) is divided by q?
11
Let h be (466/4)/((-2)/(-4)). Suppose -5*x = s + h - 27, -4*s = -x - 58. Let d = x - -72. Calculate the remainder when d is divided by 11.
8
Let b = -22 + 102. Let n(o) = 44*o + 58. Let j be n(-9). Let s = j - -350. What is the remainder when b is divided by s?
8
Suppose -798 = 8*o - 206. Let f = o + 145. Calculate the remainder when f is divided by 19.
14
Suppose 10*m - 86 = 54. Suppose -23*a + 396 = -m*a. Calculate the remainder when a is divided by 14.
2
Let g(o) = 128*o - 1. Let l(p) = -2*p**2 + 54*p + 188. Calculate the remainder when g(1) is divided by l(30).
7
Let f(i) = -i**2 + 16*i + 17. Let o be f(17). Suppose o = 4*c - t - 0*t - 179, c + 5*t - 29 = 0. Calculate the remainder when c + 2 + 0 + 1 is divided by 6.
5
Let p = 13591 - 13060. Calculate the remainder when 1598 is divided by p.
5
Suppose 2*t + 78 = 4*u + u, -3*u + t = -46. What is the remainder when (30/10 + 41)*10/4 is divided by u?
12
Suppose 0 = -2*o + c + 180 + 101, 5*o + c = 692. Calculate the remainder when o is divided by -2*(-5)/10*13.
9
Let r(b) = b**2 + 2. Suppose 3*j - 3*g = 1299, 3*j + 3*g - 702 = 579. Calculate the remainder when j is divided by r(-5).
25
Suppose 3*q - 28 + 28 = 0. Suppose 26 = -3*o + 3*c + 98, q = -4*o + 5*c + 91. Suppose -2*b + o + 31 = 0. Calculate the remainder when b is divided by 8.
6
Let f(u) = u**2 - 18*u + 19. Let a be f(17). Suppose a*i = 20 - 0. Suppose i*q = q + 261. What is the remainder when q is divided by 6?
5
Suppose -2*l + 2 = -l, 2*r - l = -554. Let y = -26 - -17. Calculate the remainder when (y/(-6))/((-6)/r) is divided by 24.
21
Let b(i) = 40*i**3 - 343*i**2 + 7*i - 4. Calculate the remainder when b(9) is divided by 58.
44
Suppose -10 = -2*u - 12. Let h be ((-524)/(-12) - u)*(-3)/(-2). Let v = h - 55. What is the remainder when 19 is divided by v?
7
Let q be (-10)/(-6)*(-21)/7. Let a(l) = l**3 + 3*l**2 - 12*l - 7. Let u be a(q). Suppose -u*w = -9*w + 198. Calculate the remainder when 96 is divided by w.
30
Suppose -7 = -5*u + 313. Suppose 4*p - 5*h - 940 = 76, -762 = -3*p - h. What is the remainder when p is divided by u?
62
Let w(l) = 2*l**3 + 5*l**2 - 3*l - 3. Let c be w(-1). What is the remainder when 112 is divided by c/(-2)*((-155)/15 + -5)?
20
Let h = -224 + 81. Let f be -1 - h/(-3) - 6/(-9). What is the remainder when (f/(-40))/((-4)/(-130)) is divided by 14?
11
Let z = -3187 + 3208. What is the remainder when z is divided by 5?
1
Suppose -55*z + 4654 = 124*z. What is the remainder when 233 is